8 = -15*c + 6163. List the prime factors of c + ((-114)/(-95))/((-2)/5).
2, 5
Let k(v) = 2*v - 133*v**3 + 5*v**3 - 48 + v**2 + 50. Let w be k(-1). Let x = -26 + w. List the prime factors of x.
103
Let j(w) = -5*w**2 + 5*w - 1. Let x be j(-4). Let q = x + 97. Let h(t) = -3*t**3 - 2*t**2 - 2*t + 9. List the prime factors of h(q).
3, 59
Let v(t) = 9*t**3 + 3*t**2 - 2*t - 2. Suppose 4*p - 10 = -3*r, -4*r = -9*r - 10. List the prime factors of v(p).
2, 307
Suppose 3*p + 4*x + 2040 = -115, -3*x = p + 710. Let b = p + 1080. List the prime factors of b.
5, 71
Suppose -5*z - 3*i + 145853 = 35649, 0 = -4*i + 32. List the prime factors of z.
2, 7, 787
Suppose -40*b = -29 - 91. Suppose 2*o + 558 = 2*u, b*o + 317 = 4*u - 800. List the prime factors of u.
2, 5, 7
Let f(k) = -56*k**3 + 2 + 0 + 57*k**3 + k. Let l be f(0). Suppose x + 206 + 27 = l*u, 2*u = -3*x + 253. List the prime factors of u.
7, 17
Let c = 42 - 38. List the prime factors of c/3*((201 - 5) + -4).
2
Let a(k) = -3*k**3 + 10*k**2 - 5*k + 5. Let i(v) = 3*v**3 - 11*v**2 + 5*v - 6. Let z(x) = -5*a(x) - 4*i(x). Suppose 3*g - 4 = 8. List the prime factors of z(g).
5, 23
Let g = 907 - 1357. Let w = g - -993. What are the prime factors of w?
3, 181
Let c(v) = 4*v**3 - 15*v**3 - v - 1 - 2 - v. Let k be c(-2). List the prime factors of -2*(-3)/(-2) + k.
2, 43
Let y be (2/(-4))/((-2)/(-16)). Let m be (y - -5)*111*1. Suppose -f + 4 = 2*u - m, -57 = -u - f. List the prime factors of u.
2, 29
What are the prime factors of ((-65296)/(5 - 12) - -7) + -8?
3, 3109
Let f(y) = y**3 + 15*y**2 - 15*y + 16. Let x be f(-16). Let w be 1 - (x + 4 - 8). Suppose -57 = -w*a + 623. What are the prime factors of a?
2, 17
Let g = -86 + 84. What are the prime factors of -14*(g/6 + (-1194)/36)?
7, 67
Suppose 3*k = -3*f + 65778, -2*k + 11164 + 32680 = 4*f. Let u be k/(-10)*(0 - 2). List the prime factors of u/85*10/3.
2, 43
List the prime factors of (117 + 1 - 2) + (-84 - -90).
2, 61
Suppose -16*q + 42 = 1866. Let n = q - -248. What are the prime factors of n?
2, 67
Let w(s) = 44*s - 9. Let u be w(3). Suppose -10 = -6*q + q. Suppose -3*r - 3*y - u = -573, -454 = -3*r - q*y. What are the prime factors of r?
2, 7, 11
Let p(u) = u**3 + 30*u**2 + 2*u + 62. Let g be p(-30). What are the prime factors of g*6*(-1104)/(-36)?
2, 23
Let k be ((-204)/18)/((-1)/(-3) + -1). Suppose 15 = 2*o - k. What are the prime factors of 2*6/o*(-1472)/(-16)?
3, 23
Suppose -7*r + 11 = -38. Let h be (0 + 0)/(-2) - 157. Let o = r - h. List the prime factors of o.
2, 41
Let f(m) = 4710*m - 1614. List the prime factors of f(3).
2, 3, 7, 149
Suppose -4*w + 52 - 129 = -5*i, -w = i + 8. Let f(j) = -j - 12. Let s be f(w). Suppose n - s = 0, 5*y = 2*n + 243 - 70. What are the prime factors of y?
5, 7
Let t = -38 - -42. Suppose -4 = -t*l - 20. Let v(s) = -2*s**3 - s**2 + 6*s + 3. List the prime factors of v(l).
7, 13
Suppose -66 = -z + 11*k - 10*k, -136 = -2*z + 4*k. Suppose z = 3*f + 4. What are the prime factors of f?
2, 5
Let q be 1/(10/24 + 6/(-8)). Let m be -163*q/(-12) - 12/(-16). Let j = m - -92. List the prime factors of j.
2, 13
Let r be 241196/17 + (0 - 1)*-5. List the prime factors of (-2 + r/36)/(12/32).
2, 523
Suppose 2*a + 45096 = 14*a. Suppose -8*r = -6*r - c - 2517, 3*r - 5*c = a. List the prime factors of r.
13, 97
Let m(f) = 327*f - 102. Let d = -249 - -252. List the prime factors of m(d).
3, 293
Suppose -4 = -2*v - 2*v + 4*g, -4*v + 3*g + 5 = 0. Suppose 3*n - 4*m = -3*m + 485, 4*m = -v*n + 300. List the prime factors of n.
2, 5
Suppose 0 = 11*b - 8*b - 5*o - 16, -2*o - 4 = 0. Suppose 704 = b*a - 506. What are the prime factors of a?
5, 11
Suppose 0 = 5*q - 5*h - 29380, 231*q - 234*q = 2*h - 17633. List the prime factors of q.
3, 653
Suppose 2*t = -5*h + 2885 + 37, 3*t - 2*h = 4364. Suppose -6*r + 2 + t = 0. List the prime factors of r.
3
Suppose 13633 = 22*l - 22645. What are the prime factors of l?
17, 97
Suppose -2*w = 2*a - 5764, -a - 4*a = -5*w + 14380. Suppose -y = 4*g - w, -4*y + 6*y = -g + 725. List the prime factors of g.
719
Suppose 5*s - 10*s + 20 = 0, 2*s = -3*h + 7394. List the prime factors of h.
2, 1231
Let g(f) = 4*f**3 + 16*f**2 + 8*f - 5. Let o be g(-6). Let q = o + 1643. List the prime factors of q.
2, 3, 7, 31
Suppose -l = 3*l - 20. Suppose 0 = -4*v - 3*q + 21, 12*v - 6 = 13*v - 3*q. Suppose 0*o - v*d = o - 47, 0 = l*o - 3*d - 271. What are the prime factors of o?
53
Suppose u + 4 = 4*n - 3, -2*u - n + 13 = 0. Suppose 0 = 3*t + 5*r - 3*r - 361, 5*t - 610 = -u*r. List the prime factors of t.
3, 13
Let f = 826 + 1649. Suppose -7*v + f = -682. List the prime factors of v.
11, 41
Suppose -2*s - s = 5*h + 47, -h + 9 = -4*s. Let t(z) = -z**2 - 13*z + 26. List the prime factors of t(h).
2, 17
Suppose -10*d + 7*d - 6 = 0. Let n(g) = g**2 - g - 4. Let m be n(d). Suppose -m*w + 2*c + 24 + 12 = 0, -4*w = -c - 66. List the prime factors of w.
2
Suppose -249*t + 381*t = 3065172. What are the prime factors of t?
11, 2111
Let a(v) = 582*v**2 - 6*v + 4. Let s be a(1). Let q = s + -2949. List the prime factors of (2/(-2))/(23/q).
103
Let g(i) = 97*i**2 - 146*i + 1779. List the prime factors of g(11).
2, 3, 5, 397
Let v be ((-1309)/35)/((-1)/85). Suppose -5*r - 1094 = -v. What are the prime factors of r?
3, 139
Suppose -6*i - 2*x + 41394 = -2*i, 3*i - 3*x = 31059. What are the prime factors of i?
2, 3, 5, 23
Let p be 5/(40/12)*(-80)/6. Let i = -318 + 137. Let a = p - i. What are the prime factors of a?
7, 23
What are the prime factors of (932/1398)/((-4)/(-104658))?
17443
Suppose 0 = -105*x + 107*x - 78. Suppose -5*f = 3*h - 2 + x, 0 = 2*h + 5*f + 33. List the prime factors of ((-5)/h)/((-14)/(-168)).
3, 5
Let l be (-1*4)/(100/(-125)). Let b(z) = 3*z + 7*z - l - 16*z. List the prime factors of b(-2).
7
Let y = -48 + 48. Let t(v) = 10*v + 0 + 7 + y. What are the prime factors of t(3)?
37
What are the prime factors of -1*(-4)/(-108)*9*-18111?
6037
Let z(m) = 16*m**3 - 4*m**2 + 6*m - 2. Let q be z(1). Suppose -q*g + 14*g = -d + 252, -1273 = -5*d - 3*g. List the prime factors of d.
2, 127
Let f be (3 + -121 + 3)*-1. Let y = -76 + f. Suppose -4*z + y = -169. List the prime factors of z.
2, 13
Suppose 2*r = -4*m + 6 + 128, 4*r - 144 = -4*m. Let y = m - 26. Suppose -17 = -x + 2*t + 45, -y*t = -2*x + 122. What are the prime factors of x?
2, 3, 11
Let l(m) = 95*m - 8. Let x be l(8). Let b = -121 + x. What are the prime factors of b?
631
Let j(u) = -9*u + 27. Let t(a) = -8*a + 13. Let q be t(3). List the prime factors of j(q).
2, 3, 7
Suppose -3*h = -4*h. Let d be h*(45/(-20) - -2). Suppose 5*r + 5*x - 4*x - 405 = d, 4*x + 300 = 4*r. List the prime factors of r.
2, 5
Let j(f) be the second derivative of -f**5/20 + f**4 - 13*f**3/6 + 6*f**2 + 3*f + 2. Suppose -20 = -s - s. List the prime factors of j(s).
2, 41
Let s(q) be the first derivative of q**4/4 - 4*q**3/3 - 9*q**2/2 + 13*q + 69. What are the prime factors of s(7)?
97
Suppose 47 = -v + 2*i, 0 = -i - 1 + 2. List the prime factors of -6*(2014/(-10) + 27/v).
2, 3, 101
Suppose 7704 = 13*k - 15280. Suppose y - 448 = -a, -k = -4*a - 3*y + 7*y. List the prime factors of a.
5, 89
Let p = 2 - 3. Let b be p - 2 - (-44 + 3)*1. Suppose 0 = -5*g + b + 532. What are the prime factors of g?
2, 3, 19
Let z = -68 - -38. Let m = 224 + z. List the prime factors of m.
2, 97
Let f = 27054 + -7647. What are the prime factors of f?
3, 6469
Let k(o) = o**3 + 3*o**2 + 4*o + 1. Let m be k(-4). Let r = m + 47. Suppose -l + 4*f + 0 = -r, 3*f - 10 = -2*l. What are the prime factors of l?
2
Suppose -4*z + 5*i + 46 = 9, -2*z = 5*i + 19. Suppose z*u = 6*u - 342. Suppose -5*p + 176 + u = 0. List the prime factors of p.
2, 29
List the prime factors of (-1 - 3)*4705497/(-612) + 8/68.
5, 6151
Let t be 1 - -1 - ((-10)/2 - -6). What are the prime factors of 167*t/3*3?
167
Let x(i) = 30*i**2 + 609*i + 28. List the prime factors of x(-33).
12601
Let s(k) = k**2 - 6*k + 5. Let t be s(5). Suppose t = -m - m + 8. Suppose -m*w = -c - c + 42, c + 4*w = 33. List the prime factors of c.
5
Suppose -4*m = -3*v + 1367, -2*m = 4*v - 1599 - 209. List the prime factors of v.
3, 151
Let t = 738 + -99. Let y = t + -55. List the prime factors of (y/8)/(2/4).
2, 73
Let q = -498 + 1242. Suppose -4*t + q = 4*m, -371 = -m - m - 3*t. List the prime fac